
What is the units digit of 266263828?
8
What is the ten thousands digit of 185671634?
7
What is the hundred millions digit of 1064865431?
0
What is the hundreds digit of 49159223?
2
What is the hundred millions digit of 104647831?
1
What is the ten millions digit of 50944045?
5
What is the hundred millions digit of 501304820?
5
What is the ten millions digit of 226675872?
2
What is the hundred thousands digit of 160155301?
1
What is the hundred millions digit of 481449993?
4
What is the tens digit of 680804165?
6
What is the millions digit of 222563391?
2
What is the tens digit of 88869390?
9
What is the millions digit of 804108166?
4
What is the hundred thousands digit of 241050200?
0
What is the millions digit of 222740683?
2
What is the billions digit of 1062609804?
1
What is the ten thousands digit of 41082759?
8
What is the units digit of 125547013?
3
What is the units digit of 1182011455?
5
What is the hundreds digit of 34205603?
6
What is the ten thousands digit of 700263427?
6
What is the units digit of 149160778?
8
What is the thousands digit of 804503319?
3
What is the thousands digit of 31674736?
4
What is the billions digit of 1168724656?
1
What is the ten thousands digit of 310131963?
3
What is the thousands digit of 32787662?
7
What is the hundreds digit of 40636472?
4
What is the hundred thousands digit of 438420177?
4
What is the ten thousands digit of 227770935?
7
What is the millions digit of 872564018?
2
What is the ten millions digit of 76371579?
7
What is the hundreds digit of 2435339535?
5
What is the hundred millions digit of 140997138?
1
What is the thousands digit of 404539249?
9
What is the hundred millions digit of 1552291814?
5
What is the ten thousands digit of 48781742?
8
What is the thousands digit of 234220996?
0
What is the thousands digit of 4627689933?
9
What is the ten thousands digit of 228134218?
3
What is the thousands digit of 2088993014?
3
What is the millions digit of 2347931699?
7
What is the ten millions digit of 700282522?
0
What is the millions digit of 3670712965?
0
What is the hundred millions digit of 3962327293?
9
What is the billions digit of 4951484851?
4
What is the tens digit of 42430634?
3
What is the hundred thousands digit of 66119661?
1
What is the units digit of 282298971?
1
What is the hundred thousands digit of 15983134?
9
What is the ten millions digit of 181909347?
8
What is the units digit of 79594309?
9
What is the thousands digit of 117284220?
4
What is the units digit of 270102724?
4
What is the ten thousands digit of 561714520?
1
What is the hundred millions digit of 3126454024?
1
What is the thousands digit of 184188986?
8
What is the ten thousands digit of 45197897?
9
What is the thousands digit of 300848983?
8
What is the billions digit of 2153467516?
2
What is the millions digit of 55774475?
5
What is the thousands digit of 4031381280?
1
What is the hundreds digit of 1304662545?
5
What is the tens digit of 2741533387?
8
What is the hundreds digit of 189733743?
7
What is the tens digit of 4560380542?
4
What is the hundred millions digit of 2194392733?
1
What is the units digit of 606201588?
8
What is the ten thousands digit of 2392910504?
1
What is the hundreds digit of 23352517?
5
What is the millions digit of 202516768?
2
What is the hundred millions digit of 381229462?
3
What is the millions digit of 688134890?
8
What is the tens digit of 513556920?
2
What is the ten millions digit of 1901490764?
0
What is the units digit of 5393474826?
6
What is the ten millions digit of 523029837?
2
What is the tens digit of 2553666?
6
What is the hundreds digit of 596588919?
9
What is the ten millions digit of 1548785923?
4
What is the tens digit of 1503743911?
1
What is the ten millions digit of 374320522?
7
What is the millions digit of 135804926?
5
What is the ten millions digit of 162450475?
6
What is the tens digit of 103464111?
1
What is the tens digit of 8988663?
6
What is the millions digit of 77315871?
7
What is the units digit of 3533211571?
1
What is the billions digit of 1683074699?
1
What is the millions digit of 14744720?
4
What is the ten millions digit of 111405113?
1
What is the thousands digit of 1534685886?
5
What is the ten thousands digit of 26714170?
1
What is the ten thousands digit of 90265505?
6
What is the ten thousands digit of 1434731843?
3
What is the hundred millions digit of 932230889?
9
What is the thousands digit of 47983543?
3
What is the millions digit of 14394993?
4
What is the ten thousands digit of 372970440?
7
What is the thousands digit of 406316870?
6
What is the hundred thousands digit of 3525024640?
0
What is the hundreds digit of 74527561?
5
What is the ten thousands digit of 528920939?
2
What is the millions digit of 1670017?
1
What is the hundred thousands digit of 725809039?
8
What is the ten millions digit of 1740200854?
4
What is the units digit of 1597062798?
8
What is the hundred thousands digit of 72474072?
4
What is the ten millions digit of 20581873?
2
What is the millions digit of 572122869?
2
What is the millions digit of 114721073?
4
What is the hundreds digit of 31846506?
5
What is the units digit of 13025755?
5
What is the units digit of 424466?
6
What is the units digit of 168604775?
5
What is the tens digit of 5037866971?
7
What is the hundred thousands digit of 323603323?
6
What is the ten thousands digit of 516606285?
0
What is the ten millions digit of 57818031?
5
What is the ten millions digit of 134334497?
3
What is the hundreds digit of 92700018?
0
What is the ten thousands digit of 110092902?
9
What is the hundred millions digit of 206552582?
2
What is the thousands digit of 23006346?
6
What is the hundreds digit of 36835493?
4
What is the units digit of 359642614?
4
What is the ten thousands digit of 338171327?
7
What is the hundred millions digit of 3545771665?
5
What is the millions digit of 291731164?
1
What is the ten millions digit of 1538994493?
3
What is the hundreds digit of 104941671?
6
What is the billions digit of 1201540872?
1
What is the millions digit of 3412455837?
2
What is the hundreds digit of 540959274?
2
What is the billions digit of 3812916231?
3
What is the thousands digit of 54393714?
3
What is the ten millions digit of 30027626?
3
What is the tens digit of 5452957029?
2
What is the ten thousands digit of 2783981420?
8
What is the hundred thousands digit of 278174982?
1
What is the billions digit of 2656470790?
2
What is the hundred millions digit of 230415158?
2
What is the ten millions digit of 145405040?
4
What is the hundreds digit of 86130258?
2
What is the millions digit of 1646749961?
6
What is the units digit of 312921?
1
What is the hundreds digit of 72496516?
5
What is the tens digit of 157583920?
2
What is the millions digit of 6022555?
6
What is the hundreds digit of 111664401?
4
What is the billions digit of 5241414436?
5
What is the hundred thousands digit of 138192790?
1
What is the hundred thousands digit of 335565280?
5
What is the millions digit of 2464344738?
4
What is the millions digit of 39979704?
9
What is the ten thousands digit of 530214767?
1
What is the ten thousands digit of 6714417?
1
What is the hundred thousands digit of 223447397?
4
What is the hundreds digit of 170416275?
2
What is the hundreds digit of 4084945088?
0
What is the hundred thousands digit of 10410813?
4
What is the hundreds digit of 2002124111?
1
What is the units digit of 94817616?
6
What is the units digit of 18162432?
2
What is the hundred thousands digit of 2002343471?
3
What is the tens digit of 63108024?
2
What is the ten millions digit of 2363179624?
6
What is the billions digit of 2158982276?
2
What is the units digit of 21724581?
1
What is the millions digit of 28160414?
8
What is the hundreds digit of 1276362300?
3
What is the units digit of 805543885?
5
What is the thousands digit of 21927284?
7
What is the tens digit of 76869091?
9
What is the hundred millions digit of 116189588?
1
What is the ten thousands digit of 943692666?
9
What is the thousands digit of 1345770009?
0
What is the ten thousands digit of 13455687?
5
What is the thousands digit of 249861135?
1
What is the units digit of 112235352?
2
What is the tens digit of 330017049?
4
What is the hundred thousands digit of 81